{"id":790,"date":"2011-05-06T09:32:18","date_gmt":"2011-05-06T08:32:18","guid":{"rendered":"http:\/\/www.ggs-brueggen.de\/?page_id=790"},"modified":"2023-04-16T11:12:26","modified_gmt":"2023-04-16T10:12:26","slug":"reisessen-und-albert-schweitzer-tag","status":"publish","type":"page","link":"https:\/\/www.ggs-brueggen.de\/?page_id=790","title":{"rendered":"Reisessen und Albert-Schweitzer-Tag"},"content":{"rendered":"<p align=\"justify\">Seit 1990 f\u00fchrt das Lehrerkollegium in der Zeit vor den Osterferien das Projekt \u201eReisessen\u201c durch und sucht dazu ein Thema und eine Spendenadresse f\u00fcr das jeweilige Reisessen-Projekt aus. Dabei wird darauf geachtet, dass die Spenden Kindern zugute kommen. H\u00e4ufig werden dabei die Arbeitshilfen der Kinderfastenaktion von Misereor bei der Planung genutzt. Die Ideen werden in den einzelnen Klassen aufgegriffen und in der Woche vor dem Reisessen zum zentralen Thema des Unterrichts gemacht.<\/p>\n<p align=\"justify\">Quelle: <a href=\"https:\/\/fastenaktion.misereor.de\/mitmachen\/kinder-jugend\">http:\/\/www.kinderfastenaktion.de\/index.php?id=startseite-2015<\/a><\/p>\n<p>Zum Abschluss des Projekts findet das eigentliche Reisessen statt, das stufenweise 1\/2 und 3\/4 am vorletzten Freitag vor den Osterferien in der Aula durchgef\u00fchrt wird. Es beginnt mit einem kleinen Programm, in dem die Kinder der einzelnen Klassen zeigen, wie sie sich mit der Thematik auseinander gesetzt haben. Die Organisation, die die Spende erh\u00e4lt, wird h\u00e4ufig durch einen Referenten vertreten, der die Kinder dar\u00fcber informiert, wie die Organisation arbeitet und was mit dem gespendeten Geld geschieht. Nachdem die Kinder klassenweise ihre Spenden\u00a0 im Rucksack von \u201eRucky-Reiselustig\u201c (Identifikationsfigur des Kindermiserior-Projekts) verstaut haben, endet der offizielle Teil mit dem Lied \u201eIch will Kind sein\u201c und das eigentliche Reisessen kann beginnen. Unterst\u00fctzt wird die Aktion durch die tatkr\u00e4ftigen H\u00e4nde von Eltern, die den Reis kochen. Dieser wird dann gemeinsam gegessen. Aus Solidarit\u00e4t mit den Armen wird auf Beilagen verzichtet.<\/p>\n<p>Am 14.1.1875 wurde Albert-Schweitzer, der Namenspatron unserer Schule, geboren. Aus diesem Anlass findet seit 2009 an diesem Datum alle zwei Jahre unser \u201cAlbert-Schweitzer-Tag\u201d statt. In Unterrichtsprojekten besch\u00e4ftigen sich alle Kinder stufenweise mit dem Namensgeber unserer Schule:<\/p>\n<p>Klassenstufe 1: Die Kindheit Albert-Schweitzers<\/p>\n<p>Klassenstufe 2: Albert-Schweitzers Entscheidung<\/p>\n<p>Klassenstufe 3: Das Leben Albert-Schweitzers<\/p>\n<p>Klassenstufe 4: Philosophie und Zitate (\u201eEhrfurcht vor dem Leben)<\/p>\n<p>Eine gemeinsame Aktion findet nach der gro\u00dfen Pause in der Aula mit verschiedenen Programmpunkten, die zum Teil aus dem Unterricht erwachsen, statt. Als feste Bestandteile werden die Lieder: \u201eEine Hand voll Erde\u201c und \u201eIch will Kind sein\u201c gesungen. Ein weiterer Bestandteil dieses Programms ist eine Spendenaktion, angelehnt an die des \u201cReisessens\u201d, da die Aktion \u201cReisessen\u201d und \u201cAlbert-Schweitzer-Tag\u201d im j\u00e4hrlichen Wechsel stattfinden.<\/p>\n<p align=\"justify\"><img loading=\"lazy\" decoding=\"async\" style=\"display: block; float: none; margin-left: auto; margin-right: auto; border-width: 0px;\" title=\"image\" src=\"http:\/\/www.ggs-brueggen.de\/wp-content\/uploads\/ReisessenundAlbertSchweitzerTag_9423\/image_thumb.png\" alt=\"image\" width=\"467\" height=\"313\" border=\"0\" \/><\/p>\n<p align=\"center\">Kunstprojekt aller Klassen<\/p>\n<p align=\"center\">\u201cSch\u00f6pfung bewahren, damit alle leben k\u00f6nnen\u201d<\/p>\n","protected":false},"excerpt":{"rendered":"<p>Seit 1990 f\u00fchrt das Lehrerkollegium in der Zeit vor den Osterferien das Projekt \u201eReisessen\u201c durch und sucht dazu ein Thema und eine Spendenadresse f\u00fcr das jeweilige Reisessen-Projekt aus. Dabei wird darauf geachtet, dass die Spenden Kindern zugute kommen. H\u00e4ufig werden dabei die Arbeitshilfen der Kinderfastenaktion von Misereor bei der Planung genutzt. Die Ideen werden in &hellip; <a href=\"https:\/\/www.ggs-brueggen.de\/?page_id=790\" class=\"more-link\"><span class=\"screen-reader-text\">Reisessen und Albert-Schweitzer-Tag<\/span> weiterlesen <span class=\"meta-nav\">&rarr;<\/span><\/a><\/p>\n","protected":false},"author":3,"featured_media":0,"parent":0,"menu_order":0,"comment_status":"closed","ping_status":"closed","template":"","meta":{"footnotes":""},"class_list":["post-790","page","type-page","status-publish","hentry"],"_links":{"self":[{"href":"https:\/\/www.ggs-brueggen.de\/index.php?rest_route=\/wp\/v2\/pages\/790","targetHints":{"allow":["GET"]}}],"collection":[{"href":"https:\/\/www.ggs-brueggen.de\/index.php?rest_route=\/wp\/v2\/pages"}],"about":[{"href":"https:\/\/www.ggs-brueggen.de\/index.php?rest_route=\/wp\/v2\/types\/page"}],"author":[{"embeddable":true,"href":"https:\/\/www.ggs-brueggen.de\/index.php?rest_route=\/wp\/v2\/users\/3"}],"replies":[{"embeddable":true,"href":"https:\/\/www.ggs-brueggen.de\/index.php?rest_route=%2Fwp%2Fv2%2Fcomments&post=790"}],"version-history":[{"count":15,"href":"https:\/\/www.ggs-brueggen.de\/index.php?rest_route=\/wp\/v2\/pages\/790\/revisions"}],"predecessor-version":[{"id":4945,"href":"https:\/\/www.ggs-brueggen.de\/index.php?rest_route=\/wp\/v2\/pages\/790\/revisions\/4945"}],"wp:attachment":[{"href":"https:\/\/www.ggs-brueggen.de\/index.php?rest_route=%2Fwp%2Fv2%2Fmedia&parent=790"}],"curies":[{"name":"wp","href":"https:\/\/api.w.org\/{rel}","templated":true}]}}

<p align="justify">Seit 1990 führt das Lehrerkollegium in der Zeit vor den Osterferien das Projekt „Reisessen“ durch und sucht dazu ein Thema und eine Spendenadresse für das jeweilige Reisessen-Projekt aus. Dabei wird darauf geachtet, dass die Spenden Kindern zugute kommen. Häufig werden dabei die Arbeitshilfen der Kinderfastenaktion von Misereor bei der Planung genutzt. Die Ideen werden in den einzelnen Klassen aufgegriffen und in der Woche vor dem Reisessen zum zentralen Thema des Unterrichts gemacht.</p>
<p align="justify">Quelle: <a href="https://fastenaktion.misereor.de/mitmachen/kinder-jugend">http://www.kinderfastenaktion.de/index.php?id=startseite-2015</a></p>
<p>Zum Abschluss des Projekts findet das eigentliche Reisessen statt, das stufenweise 1/2 und 3/4 am vorletzten Freitag vor den Osterferien in der Aula durchgeführt wird. Es beginnt mit einem kleinen Programm, in dem die Kinder der einzelnen Klassen zeigen, wie sie sich mit der Thematik auseinander gesetzt haben. Die Organisation, die die Spende erhält, wird häufig durch einen Referenten vertreten, der die Kinder darüber informiert, wie die Organisation arbeitet und was mit dem gespendeten Geld geschieht. Nachdem die Kinder klassenweise ihre Spenden  im Rucksack von „Rucky-Reiselustig“ (Identifikationsfigur des Kindermiserior-Projekts) verstaut haben, endet der offizielle Teil mit dem Lied „Ich will Kind sein“ und das eigentliche Reisessen kann beginnen. Unterstützt wird die Aktion durch die tatkräftigen Hände von Eltern, die den Reis kochen. Dieser wird dann gemeinsam gegessen. Aus Solidarität mit den Armen wird auf Beilagen verzichtet.</p>
<p>Am 14.1.1875 wurde Albert-Schweitzer, der Namenspatron unserer Schule, geboren. Aus diesem Anlass findet seit 2009 an diesem Datum alle zwei Jahre unser “Albert-Schweitzer-Tag” statt. In Unterrichtsprojekten beschäftigen sich alle Kinder stufenweise mit dem Namensgeber unserer Schule:</p>
<p>Klassenstufe 1: Die Kindheit Albert-Schweitzers</p>
<p>Klassenstufe 2: Albert-Schweitzers Entscheidung</p>
<p>Klassenstufe 3: Das Leben Albert-Schweitzers</p>
<p>Klassenstufe 4: Philosophie und Zitate („Ehrfurcht vor dem Leben)</p>
<p>Eine gemeinsame Aktion findet nach der großen Pause in der Aula mit verschiedenen Programmpunkten, die zum Teil aus dem Unterricht erwachsen, statt. Als feste Bestandteile werden die Lieder: „Eine Hand voll Erde“ und „Ich will Kind sein“ gesungen. Ein weiterer Bestandteil dieses Programms ist eine Spendenaktion, angelehnt an die des “Reisessens”, da die Aktion “Reisessen” und “Albert-Schweitzer-Tag” im jährlichen Wechsel stattfinden.</p>
<p align="justify"><img loading="lazy" decoding="async" style="display: block; float: none; margin-left: auto; margin-right: auto; border-width: 0px;" title="image" src="http://www.ggs-brueggen.de/wp-content/uploads/ReisessenundAlbertSchweitzerTag_9423/image_thumb.png" alt="image" width="467" height="313" border="0" /></p>
<p align="center">Kunstprojekt aller Klassen</p>
<p align="center">“Schöpfung bewahren, damit alle leben können”</p>

<p>Seit 1990 führt das Lehrerkollegium in der Zeit vor den Osterferien das Projekt „Reisessen“ durch und sucht dazu ein Thema und eine Spendenadresse für das jeweilige Reisessen-Projekt aus. Dabei wird darauf geachtet, dass die Spenden Kindern zugute kommen. Häufig werden dabei die Arbeitshilfen der Kinderfastenaktion von Misereor bei der Planung genutzt. Die Ideen werden in &hellip; <a href="https://www.ggs-brueggen.de/?page_id=790" class="more-link"><span class="screen-reader-text">Reisessen und Albert-Schweitzer-Tag</span> weiterlesen <span class="meta-nav">&rarr;</span></a></p>
