{"id":1122,"date":"2012-11-16T13:18:43","date_gmt":"2012-11-16T12:18:43","guid":{"rendered":"http:\/\/www.ggs-brueggen.de\/?page_id=1122"},"modified":"2018-11-16T14:39:41","modified_gmt":"2018-11-16T13:39:41","slug":"vorlesetag","status":"publish","type":"page","link":"https:\/\/www.ggs-brueggen.de\/?page_id=1122","title":{"rendered":"Vorlesetag"},"content":{"rendered":"<h3 style=\"text-align: left;\" align=\"center\">Vorlesetag 2018<\/h3>\n<p>&nbsp;<\/p>\n<h3 style=\"text-align: left;\" align=\"center\">Vorlesetag 2017<\/h3>\n<p><a href=\"http:\/\/www.ggs-brueggen.de\/?p=2833\">Bundesweiter Vorlesetag 2017<\/a><\/p>\n<h3 align=\"center\"><\/h3>\n<p align=\"center\"><span style=\"font-size: large;\"><strong><u>Der Vorlesetag 2012<br \/>\n<\/u><\/strong><\/span><\/p>\n<p>Heute am 16.11.12. war bei uns Vorlesetag. Viele Frauen haben bei uns ein Buch vorgelesen. Es gab Ronja, Sams, Die Schule der kleinen Vampire Und so weiter. Mir haben die B\u00fccher gut gefallen und den Anderen bestimmt auch. Frau Klein hat auch ein Buch vorgelesen, aber ich wei\u00df nicht mehr welches Buch. Mir hat dieser Tag sehr gefallen.<\/p>\n<p align=\"right\">Maya<\/p>\n<p>Am 16.11. war der Vorlesetag hier in der ASS. Mir wurden die B\u00fccher \u201eRonja\u201c und \u201eSams\u201c vorgelesen. Maya wurde das alles nur andersherum vorgelesen.<\/p>\n<p>Beim \u201eSams\u201c fand ich es voll witzig. Als erstes wollte Herr Taschenbier spazieren gehen, dann hat er gesehen, dass richtig viele Leute auf einer Stelle waren. Er hat sich vorgedr\u00e4ngelt und dann das \u201eSams\u201c gesehen. Immer wenn einer sich vom \u201eSams\u201c etwas gew\u00fcnscht, verliert er Punkte vom Gesicht. Wenn er keine mehr hat, dann kann Herr Taschenbier sich nichts mehr w\u00fcnschen.<\/p>\n<p>Ich fand \u201eSams\u201c besser als \u201eRonja\u201c, aber beides hat mir sehr viel Spa\u00df gemacht.<\/p>\n<p align=\"right\">Mina<\/p>\n<p>Am 16.11. war der bundesweite Vorlesetag. Ich hatte einmal \u201eRonja R\u00e4ubertochter\u201c, mit wem wei\u00df ich nicht mehr. \u201eRonja\u201c ist eine R\u00e4ubertochter. Sie wurde in einer st\u00fcrmischen Nacht geboren. Sie wurde gr\u00f6\u00dfer und durfte zum ersten Mal in den dunklen Wald. Aber sie f\u00fcrchtete sich nicht. \u201eRonja\u201c erlebt viele Abenteuer.<\/p>\n<p>Ich habe noch ein Buch \u201eEine Woche voller Samstage\u201c vorgelesen bekommen. Das \u201eSams\u201c kommt nur am Samstag. Am Montag kommen Mohnblumen, am Dienstag Dienst, am Mittwoch ist Mitte der Woche, am Donnerstag Donner, am Freitag frei, am Sonntag scheint die Sonne. Das \u201eSams\u201c macht ganz viel Unsinn.<\/p>\n<p>Die B\u00fccher sind sehr sch\u00f6n.<\/p>\n<p align=\"right\">Anna Sophie<\/p>\n<p>Am 16.11.2012 war unser Vorlesetag. Ich hatte einen spannenden, lustigen Tag. Man hat zwei B\u00fccher vorgelesen bekommen. Mein erstes Buch hie\u00df Kokosnuss. Das war sehr, sehr lustig. In dem Buch handelt es sich um einen Goldschatz. F\u00fcr Kokosnuss gab es aber viele Hindernisse und er musste zweimal schlafen..<\/p>\n<p>Im zweiten Buch passierte auch etwas Spannendes. Das Buch hei\u00dft: Das Piratenschwein. Es war auch lustig. Zwei M\u00e4nner hatten ein Schwein gefunden. Es war aber kein gew\u00f6hnliches Schwein, sondern ein Piratenschwein. Es findet Gold und Edelsteine. Aber es wurde gestohlen. Die zwei M\u00e4nner haben es aber nat\u00fcrlich zur\u00fcckgeholt und alles war wieder gut.<\/p>\n<p>Das erste Buch hat Frau Platten vorgelesen und das zweite Frau Thybussek.<\/p>\n<p align=\"right\">Nadine<\/p>\n<p align=\"center\">Vielen Dank an alle Vorleserinnen!<\/p>\n<p><img loading=\"lazy\" decoding=\"async\" style=\"display: block; float: none; margin-left: auto; margin-right: auto; border-width: 0px;\" title=\"K800_Projektwoche 191\" src=\"http:\/\/www.ggs-brueggen.de\/wp-content\/uploads\/Vorlesetag_BBCF\/K800_Projektwoche191.jpg\" alt=\"K800_Projektwoche 191\" width=\"244\" height=\"184\" border=\"0\" \/><\/p>\n","protected":false},"excerpt":{"rendered":"<p>Vorlesetag 2018 &nbsp; Vorlesetag 2017 Bundesweiter Vorlesetag 2017 Der Vorlesetag 2012 Heute am 16.11.12. war bei uns Vorlesetag. Viele Frauen haben bei uns ein Buch vorgelesen. Es gab Ronja, Sams, Die Schule der kleinen Vampire Und so weiter. Mir haben die B\u00fccher gut gefallen und den Anderen bestimmt auch. Frau Klein hat auch ein Buch &hellip; <a href=\"https:\/\/www.ggs-brueggen.de\/?page_id=1122\" class=\"more-link\"><span class=\"screen-reader-text\">Vorlesetag<\/span> weiterlesen <span class=\"meta-nav\">&rarr;<\/span><\/a><\/p>\n","protected":false},"author":3,"featured_media":0,"parent":0,"menu_order":0,"comment_status":"closed","ping_status":"closed","template":"","meta":{"footnotes":""},"class_list":["post-1122","page","type-page","status-publish","hentry"],"_links":{"self":[{"href":"https:\/\/www.ggs-brueggen.de\/index.php?rest_route=\/wp\/v2\/pages\/1122","targetHints":{"allow":["GET"]}}],"collection":[{"href":"https:\/\/www.ggs-brueggen.de\/index.php?rest_route=\/wp\/v2\/pages"}],"about":[{"href":"https:\/\/www.ggs-brueggen.de\/index.php?rest_route=\/wp\/v2\/types\/page"}],"author":[{"embeddable":true,"href":"https:\/\/www.ggs-brueggen.de\/index.php?rest_route=\/wp\/v2\/users\/3"}],"replies":[{"embeddable":true,"href":"https:\/\/www.ggs-brueggen.de\/index.php?rest_route=%2Fwp%2Fv2%2Fcomments&post=1122"}],"version-history":[{"count":9,"href":"https:\/\/www.ggs-brueggen.de\/index.php?rest_route=\/wp\/v2\/pages\/1122\/revisions"}],"predecessor-version":[{"id":4733,"href":"https:\/\/www.ggs-brueggen.de\/index.php?rest_route=\/wp\/v2\/pages\/1122\/revisions\/4733"}],"wp:attachment":[{"href":"https:\/\/www.ggs-brueggen.de\/index.php?rest_route=%2Fwp%2Fv2%2Fmedia&parent=1122"}],"curies":[{"name":"wp","href":"https:\/\/api.w.org\/{rel}","templated":true}]}}

<h3 style="text-align: left;" align="center">Vorlesetag 2018</h3>
<p>&nbsp;</p>
<h3 style="text-align: left;" align="center">Vorlesetag 2017</h3>
<p><a href="http://www.ggs-brueggen.de/?p=2833">Bundesweiter Vorlesetag 2017</a></p>
<h3 align="center"></h3>
<p align="center"><span style="font-size: large;"><strong><u>Der Vorlesetag 2012<br />
</u></strong></span></p>
<p>Heute am 16.11.12. war bei uns Vorlesetag. Viele Frauen haben bei uns ein Buch vorgelesen. Es gab Ronja, Sams, Die Schule der kleinen Vampire Und so weiter. Mir haben die Bücher gut gefallen und den Anderen bestimmt auch. Frau Klein hat auch ein Buch vorgelesen, aber ich weiß nicht mehr welches Buch. Mir hat dieser Tag sehr gefallen.</p>
<p align="right">Maya</p>
<p>Am 16.11. war der Vorlesetag hier in der ASS. Mir wurden die Bücher „Ronja“ und „Sams“ vorgelesen. Maya wurde das alles nur andersherum vorgelesen.</p>
<p>Beim „Sams“ fand ich es voll witzig. Als erstes wollte Herr Taschenbier spazieren gehen, dann hat er gesehen, dass richtig viele Leute auf einer Stelle waren. Er hat sich vorgedrängelt und dann das „Sams“ gesehen. Immer wenn einer sich vom „Sams“ etwas gewünscht, verliert er Punkte vom Gesicht. Wenn er keine mehr hat, dann kann Herr Taschenbier sich nichts mehr wünschen.</p>
<p>Ich fand „Sams“ besser als „Ronja“, aber beides hat mir sehr viel Spaß gemacht.</p>
<p align="right">Mina</p>
<p>Am 16.11. war der bundesweite Vorlesetag. Ich hatte einmal „Ronja Räubertochter“, mit wem weiß ich nicht mehr. „Ronja“ ist eine Räubertochter. Sie wurde in einer stürmischen Nacht geboren. Sie wurde größer und durfte zum ersten Mal in den dunklen Wald. Aber sie fürchtete sich nicht. „Ronja“ erlebt viele Abenteuer.</p>
<p>Ich habe noch ein Buch „Eine Woche voller Samstage“ vorgelesen bekommen. Das „Sams“ kommt nur am Samstag. Am Montag kommen Mohnblumen, am Dienstag Dienst, am Mittwoch ist Mitte der Woche, am Donnerstag Donner, am Freitag frei, am Sonntag scheint die Sonne. Das „Sams“ macht ganz viel Unsinn.</p>
<p>Die Bücher sind sehr schön.</p>
<p align="right">Anna Sophie</p>
<p>Am 16.11.2012 war unser Vorlesetag. Ich hatte einen spannenden, lustigen Tag. Man hat zwei Bücher vorgelesen bekommen. Mein erstes Buch hieß Kokosnuss. Das war sehr, sehr lustig. In dem Buch handelt es sich um einen Goldschatz. Für Kokosnuss gab es aber viele Hindernisse und er musste zweimal schlafen..</p>
<p>Im zweiten Buch passierte auch etwas Spannendes. Das Buch heißt: Das Piratenschwein. Es war auch lustig. Zwei Männer hatten ein Schwein gefunden. Es war aber kein gewöhnliches Schwein, sondern ein Piratenschwein. Es findet Gold und Edelsteine. Aber es wurde gestohlen. Die zwei Männer haben es aber natürlich zurückgeholt und alles war wieder gut.</p>
<p>Das erste Buch hat Frau Platten vorgelesen und das zweite Frau Thybussek.</p>
<p align="right">Nadine</p>
<p align="center">Vielen Dank an alle Vorleserinnen!</p>
<p><img loading="lazy" decoding="async" style="display: block; float: none; margin-left: auto; margin-right: auto; border-width: 0px;" title="K800_Projektwoche 191" src="http://www.ggs-brueggen.de/wp-content/uploads/Vorlesetag_BBCF/K800_Projektwoche191.jpg" alt="K800_Projektwoche 191" width="244" height="184" border="0" /></p>

<p>Vorlesetag 2018 &nbsp; Vorlesetag 2017 Bundesweiter Vorlesetag 2017 Der Vorlesetag 2012 Heute am 16.11.12. war bei uns Vorlesetag. Viele Frauen haben bei uns ein Buch vorgelesen. Es gab Ronja, Sams, Die Schule der kleinen Vampire Und so weiter. Mir haben die Bücher gut gefallen und den Anderen bestimmt auch. Frau Klein hat auch ein Buch &hellip; <a href="https://www.ggs-brueggen.de/?page_id=1122" class="more-link"><span class="screen-reader-text">Vorlesetag</span> weiterlesen <span class="meta-nav">&rarr;</span></a></p>
